{"id":1298,"date":"2016-11-18T16:13:46","date_gmt":"2016-11-18T15:13:46","guid":{"rendered":"http:\/\/test.hydroplast.it\/?post_type=product&#038;p=1298"},"modified":"2019-09-06T18:43:28","modified_gmt":"2019-09-06T16:43:28","slug":"ex26","status":"publish","type":"product","link":"https:\/\/test.hydroplast.it\/?product=ex26","title":{"rendered":"EX26"},"content":{"rendered":"<p><img class=\"alignnone size-large wp-image-18717\" src=\"http:\/\/test.hydroplast.it\/wp-content\/uploads\/2019\/09\/Tec-e26-1024x738.jpg\" alt=\"\" width=\"1024\" height=\"738\" srcset=\"https:\/\/test.hydroplast.it\/wp-content\/uploads\/2019\/09\/Tec-e26-120x87.jpg 120w, https:\/\/test.hydroplast.it\/wp-content\/uploads\/2019\/09\/Tec-e26-200x144.jpg 200w, https:\/\/test.hydroplast.it\/wp-content\/uploads\/2019\/09\/Tec-e26-300x216.jpg 300w, https:\/\/test.hydroplast.it\/wp-content\/uploads\/2019\/09\/Tec-e26-400x288.jpg 400w, https:\/\/test.hydroplast.it\/wp-content\/uploads\/2019\/09\/Tec-e26-600x433.jpg 600w, https:\/\/test.hydroplast.it\/wp-content\/uploads\/2019\/09\/Tec-e26-768x554.jpg 768w, https:\/\/test.hydroplast.it\/wp-content\/uploads\/2019\/09\/Tec-e26-800x577.jpg 800w, https:\/\/test.hydroplast.it\/wp-content\/uploads\/2019\/09\/Tec-e26-1024x738.jpg 1024w, https:\/\/test.hydroplast.it\/wp-content\/uploads\/2019\/09\/Tec-e26-1200x865.jpg 1200w, https:\/\/test.hydroplast.it\/wp-content\/uploads\/2019\/09\/Tec-e26.jpg 3683w\" sizes=\"(max-width: 1024px) 100vw, 1024px\" \/> <img class=\"alignnone size-large wp-image-18719\" src=\"http:\/\/test.hydroplast.it\/wp-content\/uploads\/2019\/09\/Tec-e262-1024x738.jpg\" alt=\"\" width=\"1024\" height=\"738\" srcset=\"https:\/\/test.hydroplast.it\/wp-content\/uploads\/2019\/09\/Tec-e262-120x87.jpg 120w, https:\/\/test.hydroplast.it\/wp-content\/uploads\/2019\/09\/Tec-e262-200x144.jpg 200w, https:\/\/test.hydroplast.it\/wp-content\/uploads\/2019\/09\/Tec-e262-300x216.jpg 300w, https:\/\/test.hydroplast.it\/wp-content\/uploads\/2019\/09\/Tec-e262-400x288.jpg 400w, https:\/\/test.hydroplast.it\/wp-content\/uploads\/2019\/09\/Tec-e262-600x433.jpg 600w, https:\/\/test.hydroplast.it\/wp-content\/uploads\/2019\/09\/Tec-e262-768x554.jpg 768w, https:\/\/test.hydroplast.it\/wp-content\/uploads\/2019\/09\/Tec-e262-800x577.jpg 800w, https:\/\/test.hydroplast.it\/wp-content\/uploads\/2019\/09\/Tec-e262-1024x738.jpg 1024w, https:\/\/test.hydroplast.it\/wp-content\/uploads\/2019\/09\/Tec-e262-1200x865.jpg 1200w, https:\/\/test.hydroplast.it\/wp-content\/uploads\/2019\/09\/Tec-e262.jpg 3683w\" sizes=\"(max-width: 1024px) 100vw, 1024px\" \/><\/p>\n","protected":false},"excerpt":{"rendered":"<div class=\"page\" title=\"Page 9\">\n<div class=\"layoutArea\">\n<div class=\"column\">\n<p>Cartuccia monoacqua con movimento traslatorio in apertura\/chiusura, versione con distributore (EX26)<br \/>\nUn\u2019altra grande idea Hydroplast: la cartuccia monoacqua E26. Questa cartuccia \u00e8 stata concepita per dare ai designers la possibilit\u00e0 di sviluppare nuove linee e rompere cos\u00ec con la tradizione imposta dai vitoni.<br \/>\nGrazie alla sua particolare struttura, le cartucce possono essere a ancate in un unico corpo.<\/p>\n<\/div>\n<\/div>\n<\/div>\n","protected":false},"featured_media":1233,"template":"","meta":[],"_links":{"self":[{"href":"https:\/\/test.hydroplast.it\/index.php?rest_route=\/wp\/v2\/product\/1298"}],"collection":[{"href":"https:\/\/test.hydroplast.it\/index.php?rest_route=\/wp\/v2\/product"}],"about":[{"href":"https:\/\/test.hydroplast.it\/index.php?rest_route=\/wp\/v2\/types\/product"}],"wp:featuredmedia":[{"embeddable":true,"href":"https:\/\/test.hydroplast.it\/index.php?rest_route=\/wp\/v2\/media\/1233"}],"wp:attachment":[{"href":"https:\/\/test.hydroplast.it\/index.php?rest_route=%2Fwp%2Fv2%2Fmedia&parent=1298"}],"curies":[{"name":"wp","href":"https:\/\/api.w.org\/{rel}","templated":true}]}}